oes 83 divide 1743?
True
Does 2 divide 702?
True
Does 66 divide 3105?
False
Is 6 a factor of 6108?
True
Is 33 a factor of 1452?
True
Is 3384 a multiple of 12?
True
Does 37 divide 1517?
True
Is 5 a factor of 110?
True
Is 28147 a multiple of 153?
False
Does 32 divide 35364?
False
Is 38 a factor of 25987?
False
Is 25 a factor of 17871?
False
Is 27 a factor of 20223?
True
Is 14 a factor of 42?
True
Is 5265 a multiple of 46?
False
Is 34 a factor of 3706?
True
Is 39 a factor of 12636?
True
Does 129 divide 21285?
True
Is 12 a factor of 14348?
False
Is 9181 a multiple of 32?
False
Does 5 divide 8527?
False
Is 144 a multiple of 14?
False
Is 1947 a multiple of 11?
True
Is 282 a multiple of 20?
False
Is 48818 a multiple of 77?
True
Is 246 a factor of 87075?
False
Does 9 divide 2088?
True
Is 162 a multiple of 9?
True
Is 7957 even?
False
Is 6628 a multiple of 3?
False
Is 40690 a multiple of 130?
True
Is 31 a factor of 3720?
True
Is 59236 a multiple of 118?
True
Is 10 a factor of 612?
False
Is 49 a multiple of 16?
False
Is 5526 a multiple of 9?
True
Does 9 divide 1857?
False
Does 20 divide 37580?
True
Is 2849 a multiple of 37?
True
Does 15 divide 82440?
True
Is 144 a multiple of 36?
True
Is 91 a factor of 2275?
True
Is 13075 a multiple of 25?
True
Does 10 divide 1660?
True
Is 616 a multiple of 154?
True
Does 10 divide 2934?
False
Does 103 divide 667?
False
Is 6 a factor of 421?
False
Is 44 a factor of 1549?
False
Is 5451 a multiple of 37?
False
Does 29 divide 2146?
True
Is 77 a factor of 5840?
False
Does 15 divide 3503?
False
Is 2812 a multiple of 45?
False
Does 31 divide 2015?
True
Is 139 a factor of 1974?
False
Is 105 a factor of 272?
False
Is 22 a factor of 829?
False
Is 507 a multiple of 169?
True
Does 45 divide 4815?
True
Is 26 a factor of 416?
True
Does 21 divide 2247?
True
Does 4 divide 2188?
True
Is 48 a factor of 26230?
False
Is 3680 a multiple of 184?
True
Is 19 a factor of 12407?
True
Is 18 a factor of 1011?
False
Is 27 a factor of 4050?
True
Is 19 a factor of 13661?
True
Is 7 a factor of 4494?
True
Does 3 divide 293?
False
Is 96 a factor of 960?
True
Is 17 a factor of 238?
True
Is 33 a factor of 1037?
False
Does 38 divide 570?
True
Does 147 divide 57036?
True
Is 8 a factor of 784?
True
Does 16 divide 94?
False
Does 16 divide 16736?
True
Is 839 a multiple of 2?
False
Is 5575 a multiple of 12?
False
Is 71 a factor of 6851?
False
Is 66 a factor of 821?
False
Is 54 a factor of 7180?
False
Does 91 divide 5394?
False
Is 105 a multiple of 6?
False
Is 1826 a multiple of 22?
True
Does 40 divide 800?
True
Is 2880 a multiple of 10?
True
Is 1320 a multiple of 11?
True
Is 693 a multiple of 11?
True
Is 252 a multiple of 16?
False
Does 10 divide 152600?
True
Is 17 a factor of 22717?
False
Is 442 a multiple of 54?
False
Is 18 a factor of 1206?
True
Is 8 a factor of 456?
True
Is 3 a factor of 185?
False
Is 95 a factor of 22343?
False
Is 33186 a multiple of 21?
False
Is 49 a factor of 882?
True
Is 10 a factor of 49913?
False
Does 61 divide 3150?
False
Does 19 divide 855?
True
Is 600 a multiple of 65?
False
Is 431 a multiple of 43?
False
Is 376 a factor of 86743?
False
Is 6 a factor of 2551?
False
Is 11642 a multiple of 16?
False
Is 13117 a multiple of 13?
True
Is 3728 a multiple of 8?
True
Is 1143 a multiple of 64?
False
Does 36 divide 37904?
False
Does 14 divide 364?
True
Is 8757 a multiple of 4?
False
Does 18 divide 6994?
False
Is 550 a multiple of 55?
True
Does 5 divide 40?
True
Is 22 a factor of 8316?
True
Does 78 divide 468?
True
Does 151 divide 35063?
False
Is 23 a multiple of 7?
False
Is 16 a factor of 2212?
False
Is 15 a factor of 1170?
True
Is 12 a factor of 827?
False
Does 56 divide 1904?
True
Is 49210 a multiple of 19?
True
Is 13 a factor of 1287?
True
Is 19 a factor of 1171?
False
Is 13 a factor of 1853?
False
Does 19 divide 2014?
True
Is 9 a factor of 12414?
False
Is 23 a factor of 691?
False
Is 370 a multiple of 10?
True
Is 406 a multiple of 14?
True
Is 1785 a multiple of 7?
True
Is 59 a factor of 1311?
False
Does 144 divide 50400?
True
Is 217 a factor of 65660?
False
Is 41106 a multiple of 62?
True
Is 385 a multiple of 135?
False
Does 28 divide 4340?
True
Is 8105 a multiple of 45?
False
Is 708 a multiple of 12?
True
Is 203 a multiple of 29?
True
Does 55 divide 4171?
False
Does 33 divide 561?
True
Is 12 a factor of 4722?
False
Is 60111 a multiple of 345?
False
Is 60 a factor of 17628?
False
Is 5248 a multiple of 64?
True
Does 39 divide 585?
True
Is 90 a multiple of 15?
True
Is 30 a factor of 7170?
True
Is 14176 a multiple of 76?
False
Does 27 divide 243?
True
Is 64 a factor of 35690?
False
Is 6 a factor of 438?
True
Is 98524 a multiple of 110?
False
Is 995 a multiple of 36?
False
Is 3413 a multiple of 33?
False
Is 445 a multiple of 12?
False
Is 660 a multiple of 30?
True
Is 881 a multiple of 2?
False
Is 7770 a multiple of 35?
True
Is 59584 a multiple of 98?
True
Does 4 divide 6236?
True
Is 3978 a multiple of 26?
True
Is 15 a factor of 18180?
True
Is 84 a factor of 140?
False
Does 11 divide 2623?
False
Does 19 divide 70074?
False
Is 1315 a multiple of 83?
False
Is 25089 a multiple of 12?
False
Is 14 a factor of 8512?
True
Is 154 a factor of 707?
False
Is 25117 a multiple of 106?
False
Is 14 a factor of 299?
False
Is 970 a multiple of 50?
False
Does 17 divide 391?
True
Is 7473 a multiple of 159?
True
Is 15428 a multiple of 58?
True
Does 6 divide 17322?
True
Does 15 divide 14175?
True
Is 9454 a multiple of 5?
False
Is 2 a factor of 47?
False
Is 2132 a multiple of 41?
True
Does 5 divide 1345?
True
Is 13 a factor of 1248?
True
Does 18 divide 14020?
False
Does 2 divide 31?
False
Is 21484 a multiple of 41?
True
Is 3861 a multiple of 27?
True
Is 70649 a multiple of 43?
True
Is 3434 a multiple of 8?
False
Does 132 divide 28228?
False
Is 3861 a multiple of 13?
True
Does 23 divide 43776?
False
Does 46 divide 322?
True
Does 20 divide 1200?
True
Is 3524 a multiple of 20?
False
Is 4488 a multiple of 7?
False
Is 42036 a multiple of 226?
True
Is 59 a factor of 1112?
False
Is 18 a factor of 2916?
True
Is 76 a factor of 44431?
False
Is 168 a factor of 43008?
True
Is 529 a multiple of 23?
True
Is 20 a factor of 4716?
False
Is 12 a factor of 8052?
True
Is 2429 even?
False
Is 4 a factor of 132?
True
Does 140 divide 16520?
True
Does 16 divide 14896?
True
Does 4 divide 341?
False
Is 2970 a multiple of 22?
True
Does 34 divide 4420?
True
Is 39 a factor of 28391?
False
Does 34 divide 4666?
False
Does 59 divide 62690?
False
Is 440 a multiple of 11?
True
Does 4 divide 725?
False
Is 160 a multiple of 16?
True
Is 71 a factor of 4093?
False
Is 28 a factor of 30299?
False
Is 12 a factor of 3393?
False
Is 405 a multiple of 45?
True
Is 16 a factor of 1301?
False
Does 8 divide 2416?
True
Is 36096 a multiple of 192?
True
Does 85 divide 17085?
True
Does 5 divide 9010?
True
Is 46 a factor of 1748?
True
Is 240 a multiple of 20?
True
Is 9 a factor of 419?
False
Does 6 divide 384?
True
Is 9 a factor of 107?
False
Is 342 a multiple of 18?
True
Does 25 divide 944?
False
Does 42 divide 11424?
True
Does 18 divide 37890?
True
Is 5280 a multiple of 73?
False
Is 5 a factor of 20405?
True
Does 28 divide 11200?
True
Is 15115 a multiple of 115?
False
Is 13 a factor of 1911?
True
Is 7 a factor of 637?
True
Does 13 divide 7616?
False
Is 38 a factor of 337?
False
Is 3 a factor of 20?
False
Does 3 divide 4637?
False
Is 846 a multiple of 9?
True
Does 6 divide 174?
True
Does 13 divide 1412?
False
Is 108 a factor of 5076?
True
Is 15 a factor of 120?
True
Is 56 a factor of 2972?
False
Is 31825 a multiple of 11?
False
Is 13 a factor of 2510?
False
Is 203 a factor of 76734?
True
Does 5 divide 95?
True
Does 19 divide 66577?
False
Does 41 divide 3219?
False
Is 50 a factor of 894?
False
Is 112 a factor of 42336?
True
Is 11 a factor of 1095?
False
Is 12 a factor of 1780?
False
Is 2946 a multiple of 31?
False
Is 5301 a multiple of 28?
False
Does 19 divide 4017?
False
Is 140 a multiple of 23?
False
Is 9 a factor of 1735?
False
Does 10 divide 1354?
False
Does 70 divide 286?
False
Is 208 a factor of 101920?
True
Is 1275 a multiple of 75?
True
Does 3 divide 477?
True
Is 508 a multiple of 11?
False
Does 15 divide 8450?
False
Is 561 a multiple of 5?
False
Is 14 a factor of 24640?
True
Is 4 a factor of 388?
True
Is 